q = -5704 - -13457. Is q a composite number?
False
Let o be 184/(-18) - 6/(-54)*2. Is (-8 + (-1545)/o)/(2/4) a prime number?
True
Suppose 4*f + b = -165 + 654, 612 = 5*f + 2*b. Suppose 3*z - 270 = -0*z. Suppose -4*q + f = -z. Is q a prime number?
True
Let l be 4194/(-8)*(-3 - 1 - 0). Let f = 507 + l. Suppose 3*k - f = 2*s - 675, -s + 1279 = 2*k. Is k a composite number?
False
Let h be (-144)/40 + (-9)/(-15) + 9. Let b(c) = 90*c**2 - 7*c - 6. Let r be b(7). Is -2 + h/(30/r) prime?
False
Suppose 0 = 5*t - 15, 3*t = -3*p - 14576 + 164648. Is p composite?
False
Let a = -130 + 427. Let o(r) = -11*r**2 + 5*r - 35. Let b be o(4). Let z = a + b. Is z composite?
True
Suppose -3929218 + 1477463 = -47*j. Is j composite?
True
Suppose 8*i - 10*i + 4*d + 856954 = 0, -3*d - 1713938 = -4*i. Is i prime?
True
Let x(w) = -10*w**2 + 73*w - 16. Let v be x(7). Is (14 + (v - 20))/((-1)/16123) composite?
True
Let w = -2949 + 1930. Suppose 3*c - 6 = 0, -2*x = 2*c - 417 + 1535. Let u = x - w. Is u composite?
True
Let d(u) = -u**3 + u**2 + u + 1. Let h be d(0). Is (h - -1)*(6012/8 - 2) a composite number?
False
Suppose 0 = -18*v + 99 - 27. Suppose 3 = v*l + 7, -3*m - l + 7508 = 0. Is m prime?
True
Suppose 4*q + 0*q - 21 = -3*m, -5*m = -3*q - 6. Suppose 2*b = 2*v - 118, v = q*v - 5*b - 133. Suppose 2*s + 4 = v. Is s prime?
False
Suppose 5*p - 8*g = -6*g + 20, -5*p = 5*g - 20. Suppose -4*f + 3156 - 246 = 5*r, -p*r = 3*f - 2329. Is r a prime number?
False
Let m(f) = -2090*f + 1512. Is m(-19) composite?
True
Suppose j + 4 = 8. Suppose -n = 2, 4*i - i - 1025 = j*n. Let a = i - -364. Is a composite?
True
Let p(k) = -5*k**3 - 11*k**2 - 2*k + 12. Let s be p(-9). Suppose s = 3*f - 0*f + 5*c, 2*c + 4671 = 5*f. Is f composite?
True
Let w(o) = -288*o + 4. Let u be w(13). Let d = u + 7639. Is d prime?
False
Suppose 44458 = 9*o + 14650. Let z = -1913 + o. Is z a composite number?
False
Suppose -3*z + 12 = -3. Suppose 5*i = -z, -i + 428 = 5*h - 4*i. Is 1285/2*34/h prime?
True
Suppose 0*l = -2*l - 4. Is l*((-4083)/6 - 0) prime?
True
Let v(m) = -2*m**2 - 28*m - 1. Let k be v(-9). Let y(l) = l**3 + l**2 + l + 534. Let s be y(0). Suppose -u - k = h - s, 3*h + 1335 = 3*u. Is u composite?
True
Let h be (-21)/(-15) + -2 - 63/45. Is (h/2)/(18/(-2682)) composite?
False
Suppose -3*d + 46 = -5*g, -23 = g - 21. Let a(y) = -482*y - 13. Let k(p) = -241*p - 7. Let u(z) = 2*a(z) - 5*k(z). Is u(d) a composite number?
True
Let u = 95352 + 171910. Is u prime?
False
Let h(i) = -i**3 - 11*i**2 - 7*i - 77. Let k be h(-11). Suppose 3 = -k*l + l, 2*l = f - 373. Is f prime?
True
Suppose 353*i - 6603815 = 154*i. Is i composite?
True
Let b be 2 + (-11 - 0)*-107. Let p be -8 - (130/(-10) - -3). Suppose -2*l - 3*l + 2940 = z, -p*l + b = z. Is l prime?
True
Suppose -435111 = 3*m + n - 2299873, -4*m - 4*n = -2486336. Is m composite?
True
Let h = -313 - -307. Is (34036/h)/((-9)/(108/8)) a prime number?
False
Suppose -2 = 3*y - 2. Suppose 2*b + 4*s + 196 = -y*s, 224 = -2*b + 3*s. Let q = b + 360. Is q composite?
True
Suppose 11*a - 12*a + 5*u + 1324 = 0, -3*u = 3*a - 4008. Let l = a + 2019. Is l a prime number?
False
Let u be 1139/85 - ((-12)/(-5) + -2). Let v(k) be the second derivative of 7*k**4/12 - 11*k**3/6 - 45*k**2/2 - 2*k. Is v(u) a prime number?
False
Suppose -125275 = 5*n + 2*u, 2*n - 114 + 50210 = 2*u. Let j = -6574 - n. Is j a composite number?
True
Let p = 206039 + -11186. Is p a prime number?
False
Let o = -831 - -1933. Let s = o - -2025. Is -1 - s/(-3) - 2/(-3) prime?
False
Let r = 626 - 621. Let t(v) = 6*v**3 + 10*v**2 - 19*v + 2. Is t(r) prime?
True
Suppose -3*r + 79570 = -r - 26820. Is r a composite number?
True
Is 1828/(1 + (-13585)/13661) composite?
True
Let o be 3/(-4) + 5/(-4). Let r be ((-8)/16)/(o/2972). Suppose 47 = 5*h - r. Is h composite?
True
Suppose -g = d - 3*g - 13379, 40125 = 3*d - 4*g. Is d prime?
True
Suppose -3*j - 5*u + 5 = 29, -j = 2*u + 9. Let w be (-30)/j - (-5)/5. Suppose c + 5 - w = 0. Is c prime?
False
Suppose 0 = 3*g - 7 + 1, g = -4*a + 22. Suppose 12922 + 9543 = a*v. Is v a composite number?
False
Suppose 3*g - 30 = -21. Suppose 0 = -3*y - 2*m + 17375, -g*y + 2*m + 10388 + 6983 = 0. Is y a composite number?
False
Is 151636 - 42 - -1*(-4)/8*-6 a prime number?
True
Let o = 85790 + 121203. Is o prime?
True
Let u = 603766 + 19005. Is u prime?
False
Let y(z) = 118*z + 18 + 39 + 93*z + 8. Is y(18) a composite number?
False
Suppose 0 = -5*y - 2*c + 260809, 116485 + 92176 = 4*y - 3*c. Is y prime?
True
Let p(c) = 224*c**2 - 70*c + 243. Is p(-15) composite?
True
Suppose 399540 + 340178 = 2*j. Is j prime?
False
Let k(u) = -496*u**3 - 48*u**2 - 315*u + 6. Is k(-7) a composite number?
False
Suppose 5*s = -3*r + 4532130, 4*r - 15 = -35. Is s composite?
True
Let t(h) = -27*h**2 - 6. Let o(r) be the third derivative of -4*r**5/3 - 17*r**3/6 - r**2. Let l(f) = -4*o(f) + 11*t(f). Is l(-2) a composite number?
True
Let d = -25 + 23. Let x(s) = -647*s**3 - 4*s**2 - 2*s - 3. Is x(d) composite?
True
Suppose -5096 = 2*s - 4*y, -3*y - 20 + 5 = 0. Let g = s + 5229. Is g prime?
True
Suppose 3*k + k - 2*q - 50 = 0, 5*q = -5*k + 25. Let l be 6*(-5)/k - -994. Suppose a - 826 = l. Is a composite?
True
Let l be 20818/3 - 0 - 14/(-21). Let v = l - 14170. Let q = v + 13303. Is q prime?
True
Let x = -224950 + 394989. Is x composite?
True
Suppose 80 = -5*f + 360. Suppose 0 = 6*l + 8*l - f. Is l/(-24) + (-20555)/(-30) composite?
True
Let y(n) = -3*n**3 - 66*n**2 + 98*n + 528. Is y(-37) a composite number?
True
Suppose -22278303 = 3669*n - 3678*n. Is n a composite number?
False
Let q = -96219 + 208390. Is q composite?
True
Is (13/(-52))/((-19)/38313196) composite?
False
Suppose 4*a = -3*g + 1440369 + 3373168, 0 = -3*a - 4*g + 3610151. Is a prime?
False
Let q be 220/28 + (-8)/(-56). Suppose 5*h + 29618 = q*h + 5*c, 5*c = -4*h + 39489. Is h a composite number?
False
Suppose -2174 = -2*d + 108. Suppose 2*v + 99 = d. Is v composite?
False
Let c = -110455 + 155070. Is c prime?
False
Suppose 0*k - 5*k + 4125 = 0. Suppose -511 = -y - 2*f, 3*y - 2*f - 2109 = -536. Suppose -2*p + k = -y. Is p a prime number?
True
Suppose 0 = x + 541 - 535. Let d(h) = -61*h - 77. Is d(x) composite?
True
Suppose 6*t - 7 - 29 = 0. Suppose 4*o + t*u = 5*u + 14160, -o + 2*u + 3549 = 0. Suppose 2918 + o = 3*c. Is c prime?
True
Let c = 99 - 93. Suppose -3*u + 38238 = 5*q, 3*q + c*u - 22954 = 7*u. Suppose -4*t + q = -3418. Is t composite?
False
Suppose 7403973 = 130*g - 5845237. Is g a composite number?
False
Let z(b) = 1443*b**2 + 2*b + 47. Is z(16) composite?
False
Suppose -u + 3*a + 18 = 0, -3*u + 1 = -a - 13. Suppose 4*g - 28 = -u*n, g - n - 7 = -5*n. Suppose o - 40 = -g. Is o prime?
False
Let o(h) = -22*h**2 - h**3 - 36 + 0*h**3 + 36. Let t be o(-22). Suppose t = -3*g + 2*r + 578, -10*g + 772 = -6*g - 2*r. Is g composite?
True
Let u = 375 + -373. Suppose -u*f + 3704 - 430 = 0. Is f a composite number?
False
Let q(p) = 19364*p**2 + 173*p + 936. Is q(-5) prime?
True
Suppose -32 = -2*v - 28. Let a be 2*(v/6 + 56/(-42)). Is a - 3 - -1803 - (-2 - 1) composite?
False
Suppose -19996196 = -37*o - 1683943 + 309736. Is o prime?
True
Suppose 14*r = 107*r - 11760501. Is r prime?
True
Suppose -926*m + 925*m + 85553 = -3*s, 3*m - 256673 = 2*s. Is m a prime number?
False
Is 5/3*3 - ((6 - 163807) + 5) a composite number?
True
Is -15 + (515178 - (-10)/1) composite?
False
Let w(k) = 63*k + 216017. Is w(0) a composite number?
True
Let l(k) = 15*k**2 + 14*k - 9. Let s be l(-4). Suppose s*o - 169*o = 13218. Is o a prime number?
True
Suppose -99*c = -138*c + 5179629. Is c a composite number?
True
Is 14*(-10004628)/(-84) + -21 a prime number?
True
Let f = 544 - 2068. Let b = f + 4193. Is b prime?
False
Suppose -4*l - 2*o = -38, -5*l + 52 = o + 6. Suppose -3*y - 41862 = -l*y. Is y prime?
True
Let r = 159331 - 54012. Is r a composite number?
False
Suppose 437 = -19*i + 1862. Is (-46913)/(-5) + 30/i a composite number?
True
Let g(p) = 2044*p**2 + 42*p + 99. Is g(-5) composite?
False
Suppose -4*n - 793809 = -3*p - 4613669, -4*p = -2*n + 1909910. Is n prime?
True
Let x(j) = -80*j**3 - 2*j**2 - 14*j - 65. Is x(-12) a composite number?
True
Suppose 531507 = 43*s - 292975. Is s prime?
False
Suppose -4*d + 7863 = i, 1839 = -4*d - 2*i + 9705. Suppose -4*m = 2*l + 449